tor of 112467099 and 56259.
2679
Calculate the highest common factor of 1417940 and 157480.
620
What is the highest common factor of 95 and 2222066530?
95
What is the highest common divisor of 2011 and 41328061?
2011
Calculate the highest common factor of 147042365 and 202.
101
Calculate the greatest common factor of 6152 and 14272.
8
Calculate the greatest common divisor of 15686 and 1960409.
341
Calculate the greatest common divisor of 107270548 and 1078.
154
Calculate the highest common divisor of 1112125 and 40672.
1271
Calculate the greatest common divisor of 421568 and 27661636.
3764
Calculate the highest common factor of 113 and 3704479.
113
Calculate the highest common divisor of 77686945 and 37715.
1985
Calculate the highest common divisor of 12592 and 1105130584.
6296
Calculate the highest common factor of 203908 and 500308.
76
Calculate the highest common divisor of 97015007 and 152.
19
What is the highest common divisor of 141979 and 39426951?
6173
Calculate the greatest common divisor of 7574011 and 1108.
277
What is the highest common divisor of 4494 and 1551714?
642
What is the highest common factor of 1340496 and 15892?
116
Calculate the highest common divisor of 9915 and 2166150.
15
Calculate the greatest common divisor of 3 and 14115327.
3
What is the highest common factor of 94164893 and 3667?
3667
What is the greatest common divisor of 51982754 and 299423?
7303
Calculate the highest common factor of 151360710 and 3330.
1110
What is the greatest common divisor of 270066 and 6693?
69
What is the highest common divisor of 168362088 and 228?
12
Calculate the highest common divisor of 110 and 18955310.
110
What is the greatest common factor of 6201 and 3247946?
689
What is the greatest common divisor of 774 and 41986232?
86
What is the highest common divisor of 864 and 14030712?
216
Calculate the greatest common factor of 5539024 and 402.
134
Calculate the greatest common factor of 69160278 and 66.
66
Calculate the highest common divisor of 10126 and 136152.
122
What is the greatest common divisor of 61861917 and 423?
141
What is the highest common divisor of 18 and 166960734?
6
Calculate the highest common divisor of 19275288 and 230.
46
Calculate the greatest common divisor of 16 and 27570160.
16
What is the highest common divisor of 45 and 4880355?
15
Calculate the greatest common factor of 36269295 and 15.
15
What is the greatest common divisor of 1497080 and 19604?
52
Calculate the highest common factor of 4082 and 7881557.
157
Calculate the greatest common divisor of 20128 and 2924.
68
Calculate the greatest common factor of 394758 and 34398.
1638
Calculate the highest common factor of 69798428 and 356.
356
Calculate the greatest common divisor of 14490 and 165370.
230
What is the greatest common divisor of 77088 and 18812640?
1056
Calculate the greatest common factor of 261 and 212819661.
261
What is the greatest common divisor of 769627287 and 1419?
1419
What is the highest common factor of 159238 and 153058?
206
Calculate the highest common divisor of 1836 and 8433666.
918
What is the highest common divisor of 1633700 and 31450?
850
What is the highest common divisor of 5136 and 230613783?
321
What is the highest common factor of 2387 and 110506506?
341
Calculate the greatest common factor of 82247 and 2101.
11
What is the greatest common divisor of 226 and 137726?
2
Calculate the highest common factor of 12 and 5095614.
6
What is the greatest common factor of 680 and 48007864?
136
What is the highest common factor of 211616 and 108142?
778
Calculate the greatest common divisor of 212 and 718176.
4
Calculate the greatest common divisor of 97417562 and 2046.
682
Calculate the highest common divisor of 55950923 and 1022.
511
Calculate the highest common divisor of 1885126 and 2889.
107
Calculate the highest common factor of 2098817 and 261.
29
Calculate the highest common divisor of 28974510 and 270.
270
Calculate the highest common factor of 901 and 1813339.
17
Calculate the greatest common divisor of 43540 and 4691124.
1244
What is the greatest common divisor of 1297548 and 2604?
84
Calculate the greatest common divisor of 29947356 and 41292.
1332
What is the greatest common divisor of 16156401 and 678?
339
Calculate the greatest common factor of 230520 and 13192.
136
Calculate the greatest common factor of 131 and 10760471.
131
Calculate the highest common factor of 274335982 and 74.
74
Calculate the greatest common factor of 6726 and 427514.
118
Calculate the highest common divisor of 20335 and 153293364.
4067
What is the highest common factor of 264 and 20925927?
33
Calculate the greatest common divisor of 6923219 and 3799.
131
What is the highest common divisor of 564 and 28253486?
94
What is the greatest common divisor of 13239930 and 285?
15
What is the highest common factor of 17683238 and 848?
106
Calculate the highest common divisor of 94068 and 136944.
108
Calculate the highest common divisor of 122090 and 27318.
58
What is the greatest common divisor of 22969 and 2023279?
223
Calculate the greatest common divisor of 179424 and 13439.
89
What is the highest common factor of 102 and 415059?
3
Calculate the greatest common factor of 87177816 and 2376.
2376
Calculate the highest common divisor of 102649702 and 366.
122
Calculate the highest common divisor of 240 and 1143055.
5
What is the greatest common factor of 552 and 968890824?
552
Calculate the greatest common factor of 276 and 14833482.
138
What is the greatest common factor of 67642470 and 35?
35
Calculate the greatest common factor of 116 and 34329098.
58
What is the greatest common divisor of 16925 and 6125?
25
Calculate the greatest common factor of 28243552 and 30560.
6112
Calculate the greatest common divisor of 186032 and 10142.
22
Calculate the highest common factor of 50910 and 2628653.
1697
What is the greatest common factor of 7344 and 116532?
108
Calculate the greatest common divisor of 53101486 and 194.
194
Calculate the greatest common factor of 44 and 380231346.
22
Calculate the greatest common factor of 24288 and 629211.
759
Calculate the highest common divisor of 2089010 and 2288.
22
Calculate the greatest common divisor of 3700401 and 17112.
69
Calculate the greatest common factor of 124608 and 56522.
118
Calculate the greatest common factor of 300 and 75422.
2
What is the highest common factor of 52 and 5130814?
26
What is the greatest common factor of 65451532 and 1888?
236
Calculate the highest common divisor of 2418 and 256713418.
806
What is the highest common factor of 2428507 and 41792?
653
What is the greatest common factor of 5754 and 268359?
21
What is the highest common factor of 8732899 and 385?
7
What is the greatest common divisor of 16089432 and 174?
174
What is the greatest common divisor of 2927 and 77744047?
2927
What is the greatest common divisor of 2660 and 4368490?
70
Calculate the highest common factor of 31095456 and 56.
56
Calculate the highest common factor of 1492784 and 5056.
1264
What is the highest common factor of 2208 and 865881?
69
Calculate the greatest common factor of 532 and 9305821.
7
What is the greatest common divisor of 4350 and 978097500?
4350
Calculate the greatest common factor of 161104 and 426704.
16
What is the greatest common divisor of 20392676 and 20?
4
What is the highest common factor of 1062816 and 22176?
96
Calculate the highest common divisor of 2183223 and 12.
3
Calculate the highest common factor of 27584 and 9421229.
431
What is the greatest common factor of 1450672 and 27832?
568
Calculate the highest common factor of 21931 and 99281.
91
What is the highest common factor of 108262013 and 62?
31
Calculate the greatest common factor of 135600 and 431700.
300
Calculate the greatest common divisor of 114 and 70048212.
114
What is the highest common divisor of 576 and 37595776?
64
Calculate the highest common divisor of 11949548 and 364.
52
What is the greatest common divisor of 145894128 and 489?
489
Calculate the highest common factor of 7922 and 128826.
34
Calculate the highest common factor of 14435652 and 198.
66
What is the highest common factor of 32592 and 117481938?
4074
What is the greatest common factor of 169 and 958813557?
169
What is the greatest common factor of 159